{"id":27,"date":"2020-11-15T16:53:38","date_gmt":"2020-11-15T15:53:38","guid":{"rendered":"http:\/\/www.vollkrass.at\/?page_id=27"},"modified":"2026-04-27T17:44:41","modified_gmt":"2026-04-27T15:44:41","slug":"test","status":"publish","type":"page","link":"https:\/\/www.melges24.at\/","title":{"rendered":"Willkommen"},"content":{"rendered":"\n<h2>Saison 2026<\/h2>\n\n\n\n<figure class=\"wp-block-table\"><table><tbody><tr><td><\/td><td><\/td><td>Ausschreibung \/ Meldung<\/td><\/tr><tr><td>05.06. &#8211; 07.06.<\/td><td>SCK &#8211; Attersee<\/td><td><a rel=\"noreferrer noopener\" href=\"https:\/\/digital.segelverband.at\/event\/18503\/informationen\/\" data-type=\"URL\" data-id=\"https:\/\/digital.segelverband.at\/event\/18503\/informationen\/\" target=\"_blank\">hie<\/a><a href=\"https:\/\/digital.segelverband.at\/event\/18503\/informationen\/\" data-type=\"URL\" data-id=\"https:\/\/digital.segelverband.at\/event\/18503\/informationen\/\" target=\"_blank\" rel=\"noreferrer noopener\">r<\/a><\/td><\/tr><tr><td>27.06. &#8211; 28.06.<\/td><td>UYCWg &#8211; Wolfgangsee (Edelwei\u00dftrophy) <\/td><td><a rel=\"noreferrer noopener\" href=\"https:\/\/digital.segelverband.at\/event\/18576\/informationen\/\" data-type=\"URL\" data-id=\"https:\/\/digital.segelverband.at\/event\/18576\/informationen\/\" target=\"_blank\">hie<\/a><a href=\"https:\/\/digital.segelverband.at\/event\/18576\/informationen\/\" data-type=\"URL\" data-id=\"https:\/\/digital.segelverband.at\/event\/18576\/informationen\/\" target=\"_blank\" rel=\"noreferrer noopener\">r<\/a><\/td><\/tr><\/tbody><\/table><\/figure>\n\n\n\n<h2>Saison 2025<\/h2>\n\n\n\n<p>14.11.2024<\/p>\n\n\n\n<figure class=\"wp-block-table\"><table><tbody><tr><td><\/td><td><\/td><td>Ausschreibung<\/td><td>Meldung<\/td><\/tr><tr><td>23.05. &#8211; 25.05.<\/td><td>Malcesine<\/td><td><em>coming soon<\/em><\/td><td><em>coming soon<\/em> <\/td><\/tr><tr><td>27.06. &#8211; 29.06.<\/td><td>Attersee<\/td><td><em>coming soon <\/em><\/td><td><em>coming soon <\/em> <\/td><\/tr><tr><td>30.08. &#8211; 31.08.<\/td><td>Wolfgangsee<\/td><td><em>coming soon<\/em> <\/td><td><em>coming soon  <\/em><\/td><\/tr><tr><td>20.09. &#8211; 27.09.<\/td><td>WM Triest<\/td><td><em>coming soon <\/em><\/td><td><em>coming soon  <\/em><\/td><\/tr><\/tbody><\/table><\/figure>\n\n\n\n<h2>Saison 2024<\/h2>\n\n\n\n<p>06.05.2024<\/p>\n\n\n\n<figure class=\"wp-block-table\"><table><tbody><tr><td><\/td><td><\/td><td>Ausschreibung<\/td><td>Meldung<\/td><\/tr><tr><td>31.05. &#8211; 02-06.2024<\/td><td>\u00d6M, SCK &#8211; Attersee<\/td><td><a rel=\"noreferrer noopener\" href=\"https:\/\/sck.at\/wp-content\/uploads\/wp_dndcf7_uploads\/2024\/01\/03_Melges_2024_final.pdf\" data-type=\"URL\" data-id=\"https:\/\/sck.at\/wp-content\/uploads\/wp_dndcf7_uploads\/2024\/01\/03_Melges_2024_final.pdf\" target=\"_blank\">hier<\/a><\/td><td><a rel=\"noreferrer noopener\" href=\"https:\/\/sck.at\/?page_id=22945&amp;event_ID=11786&amp;h_start_date=2024-05-31&amp;h_end_date=2024-06-02&amp;name_of_event=Melges+24+Austrian+Championship+2024+%C3%96M&amp;show_white_sail=no&amp;show_yardstick=no&amp;show_corinthian=no&amp;total_crew_member=4&amp;show_ws_class=yes&amp;show_training=no\" data-type=\"URL\" data-id=\"https:\/\/sck.at\/?page_id=22945&amp;event_ID=11786&amp;h_start_date=2024-05-31&amp;h_end_date=2024-06-02&amp;name_of_event=Melges+24+Austrian+Championship+2024+%C3%96M&amp;show_white_sail=no&amp;show_yardstick=no&amp;show_corinthian=no&amp;total_crew_member=4&amp;show_ws_class=yes&amp;show_training=no\" target=\"_blank\">hie<\/a><a href=\"https:\/\/sck.at\/?page_id=22945&amp;event_ID=11786&amp;h_start_date=2024-05-31&amp;h_end_date=2024-06-02&amp;name_of_event=Melges+24+Austrian+Championship+2024+%C3%96M&amp;show_white_sail=no&amp;show_yardstick=no&amp;show_corinthian=no&amp;total_crew_member=4&amp;show_ws_class=yes&amp;show_training=no\" data-type=\"URL\" data-id=\"https:\/\/sck.at\/?page_id=22945&amp;event_ID=11786&amp;h_start_date=2024-05-31&amp;h_end_date=2024-06-02&amp;name_of_event=Melges+24+Austrian+Championship+2024+%C3%96M&amp;show_white_sail=no&amp;show_yardstick=no&amp;show_corinthian=no&amp;total_crew_member=4&amp;show_ws_class=yes&amp;show_training=no\" target=\"_blank\" rel=\"noreferrer noopener\">r<\/a><\/td><\/tr><tr><td>15.06. &#8211; 16-06-2024<\/td><td>Sportboot Cup, UYC Wolfgangsee<\/td><td><a href=\"https:\/\/digital.segelverband.at\/fileadmin\/user_upload\/oesv-datenbank\/rh_raceheader\/rh_nor\/11877\/NOR_Sportboot_2024.pdf\">hier<\/a><\/td><td><a href=\"https:\/\/digital.segelverband.at\/meldung\/16578\/\">hier<\/a><\/td><\/tr><\/tbody><\/table><\/figure>\n\n\n\n<h2>Saison 2023<\/h2>\n\n\n\n<p>12.02.2023<\/p>\n\n\n\n<figure class=\"wp-block-table\"><table><tbody><tr><td>26. &#8211; 27. August 2023<\/td><td>Sportbootpreis UYC Wolfgangsee<\/td><\/tr><\/tbody><\/table><\/figure>\n\n\n\n<p>28.11.2022<\/p>\n\n\n\n<p>NEU: es ist ein Ski-Yachting geplant!!! Dieses wird im Februar oder Anfang M\u00e4rz stattfinden. N\u00e4here Infos folgen.<\/p>\n\n\n\n<p>25.11.2022<\/p>\n\n\n\n<p>Am 19.11.2022 hat die j\u00e4hrliche Generalversammlung unserer Klasse online stattgefunden. Das Protokoll der Sitzung wird zeitnah auf der Website&nbsp;<a href=\"http:\/\/www.melges24.com\/\">www.melges24.com<\/a> ver\u00f6ffentlicht.<\/p>\n\n\n\n<p>Hier einige Vorabinformationen:<\/p>\n\n\n\n<figure class=\"wp-block-table\"><table><tbody><tr><td>21. &#8211; 23. April 2023<\/td><td>Portoroz<\/td><\/tr><tr><td>05. &#8211; 06. Mai 2023<\/td><td>D\u00e4nemark<\/td><\/tr><tr><td>19. &#8211; 21. Mai 2023 <\/td><td>Malcesine<\/td><\/tr><tr><td>26. &#8211; 28. Mai 2023 <\/td><td>Attersee<\/td><\/tr><tr><td>09. &#8211; 11. Juni 2023<\/td><td>Pre-Worlds, D\u00e4nemark<\/td><\/tr><tr><td>24. Juni &#8211; 01. Juli 2023 <\/td><td>World Championships, D\u00e4nemark<\/td><\/tr><tr><td>21. &#8211; 23. Juli 2023<\/td><td>Riva<\/td><\/tr><tr><td>25. &#8211; 27. August 2023 <\/td><td>Rimini<\/td><\/tr><tr><td>25. &#8211; 27. August 2023<\/td><td>Kristiansand, Norwegen<\/td><\/tr><tr><td>15. &#8211; 17. September 2023<\/td><td>Brejning, D\u00e4nemark<\/td><\/tr><tr><td>22. &#8211; 24. September 2023<\/td><td>Triest<\/td><\/tr><tr><td>07. &#8211; 08. Oktober 2023<\/td><td>Split<\/td><\/tr><\/tbody><\/table><\/figure>\n\n\n\n<h2>Saison 2022<\/h2>\n\n\n\n<p>17.06.2022<\/p>\n\n\n\n<p>Der Yacht-Club N\u00fcrnberg e.V. veranstaltet heuer die Melges24 GERMAN OPEN von 06.08.2022 bis 07.08.2022. Sie freuen sich \u00fcber zahlreiche Meldungen.  <\/p>\n\n\n\n<div class=\"wp-block-file\"><object class=\"wp-block-file__embed\" data=\"https:\/\/www.melges24.at\/wp-content\/uploads\/2022\/06\/2022_Melges-German-Open-endgueltig.pdf\" type=\"application\/pdf\" style=\"width:100%;height:600px\" aria-label=\"Embed of 2022_Melges-German-Open-endgueltig.\"><\/object><a href=\"https:\/\/www.melges24.at\/wp-content\/uploads\/2022\/06\/2022_Melges-German-Open-endgueltig.pdf\">2022_Melges-German-Open-endgueltig<\/a><a href=\"https:\/\/www.melges24.at\/wp-content\/uploads\/2022\/06\/2022_Melges-German-Open-endgueltig.pdf\" class=\"wp-block-file__button\" download>Herunterladen<\/a><\/div>\n\n\n\n<p>09.03.2022<\/p>\n\n\n\n<p>Nun sind auch die Regatta-Termine unserer deutschen Nachbarn hier verf\u00fcgbar. Auch sie freuen sich \u00fcber \u00f6sterreichische Beteiligung \ud83d\ude42 <\/p>\n\n\n\n<p> <a href=\"https:\/\/www.melges24.at\/index.php\/test\/events\/\" data-type=\"URL\" data-id=\"https:\/\/www.melges24.at\/index.php\/test\/events\/\">siehe Termine<\/a> <\/p>\n\n\n\n<p>25.02.2022<\/p>\n\n\n\n<table id=\"tablepress-7\" class=\"tablepress tablepress-id-7\">\n<thead>\n<tr class=\"row-1 odd\">\n\t<th class=\"column-1\">Datum<\/th><th class=\"column-2\">Club<\/th><th class=\"column-3\">Eventbezeichnung<\/th><th class=\"column-4\">&nbsp;<\/th>\n<\/tr>\n<\/thead>\n<tbody class=\"row-hover\">\n<tr class=\"row-2 even\">\n\t<td class=\"column-1\">21.05.2021 - 22.05.2022<\/td><td class=\"column-2\">UYCWg, Wolfgangsee<\/td><td class=\"column-3\"><a href=\"http:\/\/www.uyc-wolfgangsee.at\/index.php\/regatten-aktuell\/regatten-2022\/sportbootcup-2022\/anmeldung-sportbootcup-2022\">Sportbootcup<\/a><\/td><td class=\"column-4\"><\/td>\n<\/tr>\n<tr class=\"row-3 odd\">\n\t<td class=\"column-1\">27.05.2021 - 29.05.2022<\/td><td class=\"column-2\">SCK, Attersee<\/td><td class=\"column-3\"><a href=\"https:\/\/sck.at\/?page_id=22945&amp;event_ID=10405&amp;h_start_date=2022-05-27&amp;h_end_date=2022-05-29&amp;name_of_event=Melges+24+Austrian+Championship+2022%3Cbr%3EEvent+of+the+2022+Melges+24+European+Sailing+Series+\u00d6M&amp;show_white_sail=no&amp;show_yardstick=no&amp;show_corinthian=yes&amp;total_crew_member=5&amp;show_ws_class=yes&amp;show_training=no\" >European Sailing Series 2022<\/a><\/td><td class=\"column-4\"><\/td>\n<\/tr>\n<tr class=\"row-4 even\">\n\t<td class=\"column-1\"><\/td><td class=\"column-2\"><\/td><td class=\"column-3\"><\/td><td class=\"column-4\"><\/td>\n<\/tr>\n<\/tbody>\n<\/table>\n<!-- #tablepress-7 from cache -->\n\n\n\n<p>01.01.2022<\/p>\n\n\n\n<p>Auch heuer ist unsere \u00f6sterreichische Meisterschaft am Attersee (27.05.2022&nbsp;&#8211;&nbsp;29.05.2022) wieder Teil der European Sailing Series. Wir freuen uns auf eure zahlreiche Teilnahme &#8211; bitte m\u00f6glichst bald melden.<\/p>\n\n\n\n<p> <a href=\"https:\/\/www.melges24.com\/2022-melges-24-european-sailing-series-austrian-championship-kammersee-aut\" data-type=\"URL\" data-id=\"https:\/\/www.melges24.com\/2022-melges-24-european-sailing-series-austrian-championship-kammersee-aut\">General Information: European Sailing Series Austrian Championship Kammersee<\/a>  <\/p>\n\n\n\n<p><a href=\"https:\/\/sck.at\/?page_id=22945&amp;event_ID=10405&amp;h_start_date=2022-05-27&amp;h_end_date=2022-05-29&amp;name_of_event=Melges+24+Austrian+Championship+2022%3Cbr%3EEvent+of+the+2022+Melges+24+European+Sailing+Series+\u00d6M&amp;show_white_sail=no&amp;show_yardstick=no&amp;show_corinthian=yes&amp;total_crew_member=5&amp;show_ws_class=yes&amp;show_training=no\" data-type=\"URL\" data-id=\"https:\/\/sck.at\/?page_id=22945&amp;event_ID=10405&amp;h_start_date=2022-05-27&amp;h_end_date=2022-05-29&amp;name_of_event=Melges+24+Austrian+Championship+2022%3Cbr%3EEvent+of+the+2022+Melges+24+European+Sailing+Series+\u00d6M&amp;show_white_sail=no&amp;show_yardstick=no&amp;show_corinthian=yes&amp;total_crew_member=5&amp;show_ws_class=yes&amp;show_training=no\">Anmeldung: European Sailing Series Austrian Championship Kammersee<\/a><\/p>\n\n\n\n<h2>Saison 2021<\/h2>\n\n\n\n<p>20.09.2021<\/p>\n\n\n\n<p>Die European Sailing Series 2021 am Attersee, SCK am kommenden Wochenende (25.-26.09.2021) wurde leider abgesagt! <\/p>\n\n\n\n<p>28.05.2021<\/p>\n\n\n\n<p>Die n\u00e4chsten Regatten:<\/p>\n\n\n\n<ul><li>UYC Wolfgangsee &#8211; Edelwei\u00dftrophy und Sportbootcup <br>05.- 06.06.2021 <a href=\"https:\/\/www.uyc-wolfgangsee.at\/index.php\/regatten-aktuell\/regatten-2021\/sportbootcup-2021\">www.uyc-wolfgangsee.at<\/a><\/li><li>Yacht-Club N\u00fcrnberg e.V. (YCN) &#8211; Melges-Trichter<br>19. &#8211; 20.06.2021 <a href=\"https:\/\/www.ycn.de\/termine\/regatten\/\">https:\/\/www.ycn.de\/termine\/regatten\/<\/a><br>Ausschreibung: <a href=\"https:\/\/www.melges24.at\/wp-content\/uploads\/2021\/05\/Ausschreibung_Melges24-Trichter_2021.pdf\">Ausschreibung_Melges24-Trichter_2021<\/a><\/li><\/ul>\n\n\n\n<p>19.05.2021<\/p>\n\n\n\n<p>Der Lockdown ist mit heute vorbei! Bitte nehmt dies zum Anlass auch den j\u00e4hrlichen Mitgliedsbeitrag zu bezahlen (siehe <a href=\"https:\/\/www.melges24.at\/index.php\/mitgliedschaft\/\">https:\/\/www.melges24.at\/index.php\/mitgliedschaft\/<\/a>)<\/p>\n\n\n\n<p>09.05.2021<\/p>\n\n\n\n<p>Die European Sailing Series 2021 am Attersee, SCK, welche am 14.05.2021 bis 16.05.2021 h\u00e4tte stattfinden sollen, wird aufgrund der aktuellen COVID-19 Situation auf 24.09.2021 bis 26.09.2021 verschoben. <\/p>\n\n\n\n<p>05.03.2021<\/p>\n\n\n\n<p><strong>March 05, 2021 &#8211; Charleston, S.C. USA &#8211;&nbsp;<\/strong>The Organizing Committee announces the cancellation of the&nbsp;<a rel=\"noreferrer noopener\" href=\"http:\/\/r20.rs6.net\/tn.jsp?f=001FkL3Q9RpBhIlYrqbEbfv7cfw7oZiyOzQgA-PybCNxgVWOAPJujEvYRP2TEALDi5CBtafledYTNOlik70b4od95kVJQG9zo_sVIbs13I2S-IYrETBpaXBlBMAFe6w7R7pmeYOvF11O8oh5XK71nPXPBhRXCTXS-A1&amp;c=J8vk6w44ySSAqhcFwS07SoLpsIrvYuHxZVlel854wUkdm3SAZtdbIA==&amp;ch=HWwB_aFDvaLrxSvvD3aMjEn1-vaF4CgaCc2urkzD4Isx20ma1tPUug==\" target=\"_blank\">2021 Melges 24 World Championship<\/a>, that was expected to be held in Charleston, SC, USA&nbsp;<a href=\"x-apple-data-detectors:\/\/4\">on April 9-17.<\/a>&nbsp;With the increased restrictions being put in place to manage the further spread of COVID-19, cancellation is the only possible outcome at this time. The organizers deeply regret this situation with addressing the message of&nbsp;<strong>Laura Grondin<\/strong>, the Chair of the International Melges 24 Class Association.<\/p>\n\n\n\n<p>24.12.2020<\/p>\n\n\n\n<p>FROHE WEIHNACHTEN und PROSIT 2021\ud83e\udd42\ud83c\udf7e<\/p>\n\n\n\n<div class=\"wp-block-group\"><div class=\"wp-block-group__inner-container\"><\/div><\/div>\n\n\n\n\n\n<div class=\"ngg-galleryoverview ngg-slideshow\"\n\t id=\"ngg-slideshow-5e60a442140491a73581092007e62c7b-3433785090\"\n     data-gallery-id=\"5e60a442140491a73581092007e62c7b\"\n     style=\"max-width: 750px; max-height: 500px;\">\n\n \t<div id=\"ngg-image-0\" class=\"ngg-gallery-slideshow-image\" style=\"height:500px\">\n\n        <a href=\"https:\/\/www.melges24.at\/wp-content\/gallery\/test\/WhatsApp-Image-2020-11-15-at-18.22.50-6.jpeg\"\n           title=\"\"\n           data-src=\"https:\/\/www.melges24.at\/wp-content\/gallery\/test\/WhatsApp-Image-2020-11-15-at-18.22.50-6.jpeg\"\n           data-thumbnail=\"https:\/\/www.melges24.at\/wp-content\/gallery\/test\/thumbs\/thumbs_WhatsApp-Image-2020-11-15-at-18.22.50-6.jpeg\"\n           data-image-id=\"1\"\n           data-title=\"WhatsApp-Image-2020-11-15-at-18.22.50-6\"\n           data-description=\"\"\n           class=\"ngg-simplelightbox\" rel=\"5e60a442140491a73581092007e62c7b\">\n\n            <img data-image-id='1'\n                 title=\"\"\n                 alt=\"WhatsApp-Image-2020-11-15-at-18.22.50-6\"\n                 src=\"https:\/\/www.melges24.at\/wp-content\/gallery\/test\/WhatsApp-Image-2020-11-15-at-18.22.50-6.jpeg\"\n                 style=\"max-height: 480px;\"\/>\n        <\/a>\n\n        <\/div> \n<div id=\"ngg-image-1\" class=\"ngg-gallery-slideshow-image\" style=\"height:500px\">\n\n        <a href=\"https:\/\/www.melges24.at\/wp-content\/gallery\/test\/WhatsApp-Image-2020-11-15-at-18.22.50-1.jpeg\"\n           title=\"\"\n           data-src=\"https:\/\/www.melges24.at\/wp-content\/gallery\/test\/WhatsApp-Image-2020-11-15-at-18.22.50-1.jpeg\"\n           data-thumbnail=\"https:\/\/www.melges24.at\/wp-content\/gallery\/test\/thumbs\/thumbs_WhatsApp-Image-2020-11-15-at-18.22.50-1.jpeg\"\n           data-image-id=\"2\"\n           data-title=\"WhatsApp-Image-2020-11-15-at-18.22.50-1\"\n           data-description=\"\"\n           class=\"ngg-simplelightbox\" rel=\"5e60a442140491a73581092007e62c7b\">\n\n            <img data-image-id='2'\n                 title=\"\"\n                 alt=\"WhatsApp-Image-2020-11-15-at-18.22.50-1\"\n                 src=\"https:\/\/www.melges24.at\/wp-content\/gallery\/test\/WhatsApp-Image-2020-11-15-at-18.22.50-1.jpeg\"\n                 style=\"max-height: 480px;\"\/>\n        <\/a>\n\n        <\/div> \n<div id=\"ngg-image-2\" class=\"ngg-gallery-slideshow-image\" style=\"height:500px\">\n\n        <a href=\"https:\/\/www.melges24.at\/wp-content\/gallery\/test\/WhatsApp-Image-2020-11-15-at-18.22.50-2.jpeg\"\n           title=\"\"\n           data-src=\"https:\/\/www.melges24.at\/wp-content\/gallery\/test\/WhatsApp-Image-2020-11-15-at-18.22.50-2.jpeg\"\n           data-thumbnail=\"https:\/\/www.melges24.at\/wp-content\/gallery\/test\/thumbs\/thumbs_WhatsApp-Image-2020-11-15-at-18.22.50-2.jpeg\"\n           data-image-id=\"3\"\n           data-title=\"WhatsApp-Image-2020-11-15-at-18.22.50-2\"\n           data-description=\"\"\n           class=\"ngg-simplelightbox\" rel=\"5e60a442140491a73581092007e62c7b\">\n\n            <img data-image-id='3'\n                 title=\"\"\n                 alt=\"WhatsApp-Image-2020-11-15-at-18.22.50-2\"\n                 src=\"https:\/\/www.melges24.at\/wp-content\/gallery\/test\/WhatsApp-Image-2020-11-15-at-18.22.50-2.jpeg\"\n                 style=\"max-height: 480px;\"\/>\n        <\/a>\n\n        <\/div> \n<div id=\"ngg-image-3\" class=\"ngg-gallery-slideshow-image\" style=\"height:500px\">\n\n        <a href=\"https:\/\/www.melges24.at\/wp-content\/gallery\/test\/WhatsApp-Image-2020-11-15-at-18.22.50-3.jpeg\"\n           title=\"\"\n           data-src=\"https:\/\/www.melges24.at\/wp-content\/gallery\/test\/WhatsApp-Image-2020-11-15-at-18.22.50-3.jpeg\"\n           data-thumbnail=\"https:\/\/www.melges24.at\/wp-content\/gallery\/test\/thumbs\/thumbs_WhatsApp-Image-2020-11-15-at-18.22.50-3.jpeg\"\n           data-image-id=\"4\"\n           data-title=\"WhatsApp-Image-2020-11-15-at-18.22.50-3\"\n           data-description=\"\"\n           class=\"ngg-simplelightbox\" rel=\"5e60a442140491a73581092007e62c7b\">\n\n            <img data-image-id='4'\n                 title=\"\"\n                 alt=\"WhatsApp-Image-2020-11-15-at-18.22.50-3\"\n                 src=\"https:\/\/www.melges24.at\/wp-content\/gallery\/test\/WhatsApp-Image-2020-11-15-at-18.22.50-3.jpeg\"\n                 style=\"max-height: 480px;\"\/>\n        <\/a>\n\n        <\/div> \n<div id=\"ngg-image-4\" class=\"ngg-gallery-slideshow-image\" style=\"height:500px\">\n\n        <a href=\"https:\/\/www.melges24.at\/wp-content\/gallery\/test\/WhatsApp-Image-2020-11-15-at-18.22.50-4.jpeg\"\n           title=\"\"\n           data-src=\"https:\/\/www.melges24.at\/wp-content\/gallery\/test\/WhatsApp-Image-2020-11-15-at-18.22.50-4.jpeg\"\n           data-thumbnail=\"https:\/\/www.melges24.at\/wp-content\/gallery\/test\/thumbs\/thumbs_WhatsApp-Image-2020-11-15-at-18.22.50-4.jpeg\"\n           data-image-id=\"5\"\n           data-title=\"WhatsApp-Image-2020-11-15-at-18.22.50-4\"\n           data-description=\"\"\n           class=\"ngg-simplelightbox\" rel=\"5e60a442140491a73581092007e62c7b\">\n\n            <img data-image-id='5'\n                 title=\"\"\n                 alt=\"WhatsApp-Image-2020-11-15-at-18.22.50-4\"\n                 src=\"https:\/\/www.melges24.at\/wp-content\/gallery\/test\/WhatsApp-Image-2020-11-15-at-18.22.50-4.jpeg\"\n                 style=\"max-height: 480px;\"\/>\n        <\/a>\n\n        <\/div> \n<div id=\"ngg-image-5\" class=\"ngg-gallery-slideshow-image\" style=\"height:500px\">\n\n        <a href=\"https:\/\/www.melges24.at\/wp-content\/gallery\/test\/WhatsApp-Image-2020-11-15-at-18.22.50-5.jpeg\"\n           title=\"\"\n           data-src=\"https:\/\/www.melges24.at\/wp-content\/gallery\/test\/WhatsApp-Image-2020-11-15-at-18.22.50-5.jpeg\"\n           data-thumbnail=\"https:\/\/www.melges24.at\/wp-content\/gallery\/test\/thumbs\/thumbs_WhatsApp-Image-2020-11-15-at-18.22.50-5.jpeg\"\n           data-image-id=\"6\"\n           data-title=\"WhatsApp-Image-2020-11-15-at-18.22.50-5\"\n           data-description=\"\"\n           class=\"ngg-simplelightbox\" rel=\"5e60a442140491a73581092007e62c7b\">\n\n            <img data-image-id='6'\n                 title=\"\"\n                 alt=\"WhatsApp-Image-2020-11-15-at-18.22.50-5\"\n                 src=\"https:\/\/www.melges24.at\/wp-content\/gallery\/test\/WhatsApp-Image-2020-11-15-at-18.22.50-5.jpeg\"\n                 style=\"max-height: 480px;\"\/>\n        <\/a>\n\n        <\/div> \n<\/div>\n\n\n\n\n\n\n\n<p><\/p>\n","protected":false},"excerpt":{"rendered":"<p>Saison 2026 Ausschreibung \/ Meldung 05.06. &#8211; 07.06. SCK &#8211; Attersee hier 27.06. &#8211; 28.06. UYCWg &#8211; Wolfgangsee (Edelwei\u00dftrophy) hier Saison 2025 14.11.2024 Ausschreibung Meldung 23.05. &#8211; 25.05. Malcesine coming soon coming soon 27.06. &#8211; 29.06. Attersee coming soon coming soon 30.08. &#8211; 31.08. Wolfgangsee coming soon coming soon 20.09. [&hellip;]<\/p>\n","protected":false},"author":1,"featured_media":0,"parent":0,"menu_order":0,"comment_status":"closed","ping_status":"closed","template":"","meta":{"ngg_post_thumbnail":0},"_links":{"self":[{"href":"https:\/\/www.melges24.at\/index.php\/wp-json\/wp\/v2\/pages\/27"}],"collection":[{"href":"https:\/\/www.melges24.at\/index.php\/wp-json\/wp\/v2\/pages"}],"about":[{"href":"https:\/\/www.melges24.at\/index.php\/wp-json\/wp\/v2\/types\/page"}],"author":[{"embeddable":true,"href":"https:\/\/www.melges24.at\/index.php\/wp-json\/wp\/v2\/users\/1"}],"replies":[{"embeddable":true,"href":"https:\/\/www.melges24.at\/index.php\/wp-json\/wp\/v2\/comments?post=27"}],"version-history":[{"count":46,"href":"https:\/\/www.melges24.at\/index.php\/wp-json\/wp\/v2\/pages\/27\/revisions"}],"predecessor-version":[{"id":427,"href":"https:\/\/www.melges24.at\/index.php\/wp-json\/wp\/v2\/pages\/27\/revisions\/427"}],"wp:attachment":[{"href":"https:\/\/www.melges24.at\/index.php\/wp-json\/wp\/v2\/media?parent=27"}],"curies":[{"name":"wp","href":"https:\/\/api.w.org\/{rel}","templated":true}]}}