{"id":243,"date":"2020-11-24T18:56:01","date_gmt":"2020-11-24T17:56:01","guid":{"rendered":"http:\/\/www.vollkrass.at\/?page_id=243"},"modified":"2023-09-24T09:25:04","modified_gmt":"2023-09-24T07:25:04","slug":"teilnahme-an-regatten-vermessungspapiere","status":"publish","type":"page","link":"https:\/\/www.melges24.at\/index.php\/teilnahme-an-regatten-vermessungspapiere\/","title":{"rendered":"Teilnahme an Regatten &#038; Vermessungspapiere"},"content":{"rendered":"\n<p>Um an Klassenregatten teilzunehmen, sind folgende Voraussetzungen zu erf\u00fcllen:<\/p>\n\n\n\n<ol><li>Steuermann und Crew m\u00fcssen Mitglied in einem von einem nat. Verband anerkannten Verein sein<\/li><li>Eigner\/Boot m\u00fcssen &#8222;Full Member&#8220; der nationalen KV sein, steuert der Eigner nicht selbt, muss der Steuermann &#8222;Associate Member&#8220; der nationalen KV sein<\/li><li>Bootsf\u00fchrerschein gem\u00e4\u00df der nationalen Vorschriften<\/li><li>Haftpflichtversicherung, Deckungssumme entsprechend der Ausschreibungen (2 &#8211; 5 Mio. \u20acuro)<\/li><li>g\u00fcltiges (auf den aktuellen Eigner ausgestelltes) Measurement Certificate f\u00fcr das Boot<\/li><\/ol>\n\n\n\n<p>zu 5: nach den Schwierigkeiten bei der Euro 2009, wo die Jury die Measurement Certificates kontrolliert hat und Boote aus \u00d6sterreich Probleme hatten, Dokumente vorzulegen, die auch den IMCA\/ISAF Vorschriften entsprechen, hat sich Franz Urlesberger mit dem OeSV\/Austrian Sailing in Verbindung gesetzt.<\/p>\n\n\n\n<p>Der OeSV akzeptiert das offizielle IMCA Measurement Certificate (MC) mit folgender \u00c4nderung: An Stelle eines Offiziellen der IMCA wird das MC vom OeSV gestempelt und unterschrieben.<\/p>\n\n\n\n<p>Als hierf\u00fcr zust\u00e4ndige Person aus dem OeSV wurde benannt:<br>Frau Adienne Mangold<br>e-mail: <a href=\"mailto:adrienne_oesv@icloud.com\">adrienne_oesv@icloud.com<\/a><br>tel: +43 (0)664 1420 805<\/p>\n\n\n\n<p>Somit ist folgendes Vorgehen f\u00fcr alle Boote, die unter AUT starten, zwingend notwendig:<\/p>\n\n\n\n<ol><li>Einreichen Eures aktuellen &#8222;Measurement Forms&#8220; (MF) an Adrienne Mangold<\/li><li>Adrienne erstellt das Measurement Certificate, stempelt dieses &#8211; wie auch das MF<\/li><li>MC geht an Euch zur\u00fcck und muss dann bei IMCA Regatten bei der Meldung oder Registrierung vorgelegt werden<\/li><\/ol>\n\n\n\n<p>Franz Urlesberger hat uns freundlicherweise seinen Dokumentensatz (MC und gestempeltes MF) zur Verf\u00fcgung gestellt, dieser ist per Download von &#8222;Google text &amp; tabellen&#8220; einzusehen.<\/p>\n\n\n\n<div class=\"wp-block-file\"><a href=\"http:\/\/www.melges24.at\/wp-content\/uploads\/2020\/11\/AUT-681-stamped-and-signed.pdf\">Download MC \/ MF AUT681<\/a><a href=\"http:\/\/www.melges24.at\/wp-content\/uploads\/2020\/11\/AUT-681-stamped-and-signed.pdf\" class=\"wp-block-file__button\" download>Herunterladen<\/a><\/div>\n\n\n\n<p>Falls Ihr noch Fragen habt, wendet Euch bitte an Adrienne.<\/p>\n\n\n\n<p>12.03.2010<\/p>\n\n\n\n<p><strong>Bootsregister<\/strong><\/p>\n\n\n\n<p>Zum Gr\u00fcndungstermin am 01.01.2009 waren 12 Melges24 in \u00d6sterreich registriert, damit ist die Voraussetzung f\u00fcr eine unabh\u00e4ngige KV innerhalb der IMCA gegeben (10 Boote).<\/p>\n\n\n\n<p>Aktuell sind in \u00d6sterreich rund 15 Boote gemeldet.<\/p>\n\n\n\n<p>\u00c4nderungen, Erg\u00e4nzungen etc. &#8211; Infos bitte an den 1. oder 2. Vorsitzenden (Kontakt siehe oben).<\/p>\n","protected":false},"excerpt":{"rendered":"<p>Um an Klassenregatten teilzunehmen, sind folgende Voraussetzungen zu erf\u00fcllen: Steuermann und Crew m\u00fcssen Mitglied in einem von einem nat. Verband anerkannten Verein sein Eigner\/Boot m\u00fcssen &#8222;Full Member&#8220; der nationalen KV sein, steuert der Eigner nicht selbt, muss der Steuermann &#8222;Associate Member&#8220; der nationalen KV sein Bootsf\u00fchrerschein gem\u00e4\u00df der nationalen Vorschriften [&hellip;]<\/p>\n","protected":false},"author":1,"featured_media":0,"parent":0,"menu_order":0,"comment_status":"closed","ping_status":"closed","template":"page-templates\/template-page-sidebar.php","meta":{"ngg_post_thumbnail":0},"_links":{"self":[{"href":"https:\/\/www.melges24.at\/index.php\/wp-json\/wp\/v2\/pages\/243"}],"collection":[{"href":"https:\/\/www.melges24.at\/index.php\/wp-json\/wp\/v2\/pages"}],"about":[{"href":"https:\/\/www.melges24.at\/index.php\/wp-json\/wp\/v2\/types\/page"}],"author":[{"embeddable":true,"href":"https:\/\/www.melges24.at\/index.php\/wp-json\/wp\/v2\/users\/1"}],"replies":[{"embeddable":true,"href":"https:\/\/www.melges24.at\/index.php\/wp-json\/wp\/v2\/comments?post=243"}],"version-history":[{"count":4,"href":"https:\/\/www.melges24.at\/index.php\/wp-json\/wp\/v2\/pages\/243\/revisions"}],"predecessor-version":[{"id":406,"href":"https:\/\/www.melges24.at\/index.php\/wp-json\/wp\/v2\/pages\/243\/revisions\/406"}],"wp:attachment":[{"href":"https:\/\/www.melges24.at\/index.php\/wp-json\/wp\/v2\/media?parent=243"}],"curies":[{"name":"wp","href":"https:\/\/api.w.org\/{rel}","templated":true}]}}