{"id":240,"date":"2020-11-24T18:55:38","date_gmt":"2020-11-24T17:55:38","guid":{"rendered":"http:\/\/www.vollkrass.at\/?page_id=240"},"modified":"2021-12-27T20:38:15","modified_gmt":"2021-12-27T19:38:15","slug":"vorstand","status":"publish","type":"page","link":"https:\/\/www.melges24.at\/index.php\/vorstand\/","title":{"rendered":"Vorstand"},"content":{"rendered":"\n<p>Die Interessensgemeinschaft der Melges 24 in \u00d6sterreich wurde anl\u00e4sslich der Gr\u00fcndungssitzung am 22. Mai 2009 beim SCK in Litzlberg (Attersee) gegr\u00fcndet.<\/p>\n\n\n\n<p>Die aktuellen Vorsitzenden der Interessengemeinschaft wurden am 20.05.2018 in der Jahreshauptversammlung im UYCWg in St. Gilgen gew\u00e4hlt und werden seither j\u00e4hrlich neu best\u00e4tigt:<\/p>\n\n\n\n<ul><li>1. Vorsitzender \/ Verwaltung: Herr Michael Schineis (<a href=\"chairman@melges24.at\" data-type=\"URL\" data-id=\"chairman@melges24.at\">e-<\/a><a href=\"mailto:chairman@melges24.at\" data-type=\"mailto\" data-id=\"mailto:chairman@melges24.at\">mail<\/a>)<\/li><li>2. Vorsitzender \/ Kasse: Herr Markus Kogard (<a href=\"mailto:treasurer@melges24.at\" data-type=\"mailto\" data-id=\"mailto:treasurer@melges24.at\">e-mail<\/a>)<\/li><\/ul>\n\n\n\n<p>Bei Fragen zur Klasse, zu Regatten oder zur Mitgliedschaft wenden Sie sich bitte an die genannten Ansprechpartner.<\/p>\n\n\n\n<figure class=\"wp-block-embed is-type-rich is-provider-flickr wp-block-embed-flickr\"><div class=\"wp-block-embed__wrapper\">\n<a data-flickr-embed='true' href='https:\/\/www.flickr.com\/photos\/melges24\/albums\/72157715784791606' title='2020 - Attersee, AUT - Melges 24 European Sailing Series Event #2 by Melges 24 - IM24CA, on Flickr'><img src='https:\/\/live.staticflickr.com\/65535\/50323562437_d846b83065_z.jpg' width='800' height='600' alt='2020 - Attersee, AUT - Melges 24 European Sailing Series Event #2'><\/a><script async src='https:\/\/embedr.flickr.com\/assets\/client-code.js' charset='utf-8'><\/script>\n<\/div><figcaption><em>Photos \u00a9 G\u00fcnter Storf, Sabine Klepsch &amp; Francesca Rossetto<\/em><br><em>2020 Melges 24 European Sailing Series Event #2<\/em><\/figcaption><\/figure>\n\n\n\n<p><\/p>\n","protected":false},"excerpt":{"rendered":"<p>Die Interessensgemeinschaft der Melges 24 in \u00d6sterreich wurde anl\u00e4sslich der Gr\u00fcndungssitzung am 22. Mai 2009 beim SCK in Litzlberg (Attersee) gegr\u00fcndet. Die aktuellen Vorsitzenden der Interessengemeinschaft wurden am 20.05.2018 in der Jahreshauptversammlung im UYCWg in St. Gilgen gew\u00e4hlt und werden seither j\u00e4hrlich neu best\u00e4tigt: 1. Vorsitzender \/ Verwaltung: Herr Michael [&hellip;]<\/p>\n","protected":false},"author":1,"featured_media":0,"parent":0,"menu_order":0,"comment_status":"closed","ping_status":"closed","template":"page-templates\/template-page-sidebar.php","meta":{"ngg_post_thumbnail":0},"_links":{"self":[{"href":"https:\/\/www.melges24.at\/index.php\/wp-json\/wp\/v2\/pages\/240"}],"collection":[{"href":"https:\/\/www.melges24.at\/index.php\/wp-json\/wp\/v2\/pages"}],"about":[{"href":"https:\/\/www.melges24.at\/index.php\/wp-json\/wp\/v2\/types\/page"}],"author":[{"embeddable":true,"href":"https:\/\/www.melges24.at\/index.php\/wp-json\/wp\/v2\/users\/1"}],"replies":[{"embeddable":true,"href":"https:\/\/www.melges24.at\/index.php\/wp-json\/wp\/v2\/comments?post=240"}],"version-history":[{"count":6,"href":"https:\/\/www.melges24.at\/index.php\/wp-json\/wp\/v2\/pages\/240\/revisions"}],"predecessor-version":[{"id":372,"href":"https:\/\/www.melges24.at\/index.php\/wp-json\/wp\/v2\/pages\/240\/revisions\/372"}],"wp:attachment":[{"href":"https:\/\/www.melges24.at\/index.php\/wp-json\/wp\/v2\/media?parent=240"}],"curies":[{"name":"wp","href":"https:\/\/api.w.org\/{rel}","templated":true}]}}