{"id":135,"date":"2020-11-19T17:59:35","date_gmt":"2020-11-19T16:59:35","guid":{"rendered":"http:\/\/www.vollkrass.at\/?page_id=135"},"modified":"2021-12-27T20:15:55","modified_gmt":"2021-12-27T19:15:55","slug":"event-archiv","status":"publish","type":"page","link":"https:\/\/www.melges24.at\/index.php\/event-archiv\/","title":{"rendered":"Event Archiv"},"content":{"rendered":"\n<p><strong>Die \u00f6sterreichischen Regatta Termine 2021:<\/strong><\/p>\n\n\n\n<table id=\"tablepress-6\" class=\"tablepress tablepress-id-6\">\n<thead>\n<tr class=\"row-1 odd\">\n\t<th class=\"column-1\">Datum<\/th><th class=\"column-2\">Club<\/th><th class=\"column-3\">Eventbezeichnung<\/th>\n<\/tr>\n<\/thead>\n<tbody class=\"row-hover\">\n<tr class=\"row-2 even\">\n\t<td class=\"column-1\">14.05.2021 - 16.05.2021<br \/>\n<p style=\"color:red\">Ist auf 24.09.2021 - 26.09.2021 verschoben<\/p><\/td><td class=\"column-2\">SCK, Attersee<\/td><td class=\"column-3\">European Sailing Series 2021<\/td>\n<\/tr>\n<tr class=\"row-3 odd\">\n\t<td class=\"column-1\">05.06.2021 - 06.06.2021<\/td><td class=\"column-2\">UYCWg, Wolfgangsee<\/td><td class=\"column-3\">Sportbootcup<\/td>\n<\/tr>\n<\/tbody>\n<\/table>\n<!-- #tablepress-6 from cache -->\n\n\n\n<p><\/p>\n\n\n\n<p><strong>Die \u00f6sterreichischen Regatta Termine 2020:<\/strong><\/p>\n\n\n\n<table id=\"tablepress-1\" class=\"tablepress tablepress-id-1\">\n<thead>\n<tr class=\"row-1 odd\">\n\t<th class=\"column-1\">Datum<\/th><th class=\"column-2\">Club<\/th><th class=\"column-3\">Eventbezeichnung<br \/>\n<\/th><th class=\"column-4\">&nbsp;<\/th>\n<\/tr>\n<\/thead>\n<tbody class=\"row-hover\">\n<tr class=\"row-2 even\">\n\t<td class=\"column-1\">13.06. - 14.06.2020<\/td><td class=\"column-2\"><a href=\"http:\/\/www.uyc-wolfgangsee.at\/\" rel=\"noopener noreferrer\" target=\"_blank\">UYCWg<\/a><\/td><td class=\"column-3\">Sportbootcup und Edelwei\u00dftropy<\/td><td class=\"column-4\"><a href=\"http:\/\/www.uyc-wolfgangsee.at\/images\/news2020\/ergebnis_sportbootcup2020a.jpg\" rel=\"noopener noreferrer\" target=\"_blank\"><img src=\"http:\/\/www.melges24.at\/wp-content\/uploads\/2020\/11\/ergebnis.jpg\" alt=\"\" width=\"24\" height=\"24\" class=\"alignnone size-full wp-image-129\" \/> Sportbootcup<\/a><br \/>\n<a href=\"http:\/\/www.uyc-wolfgangsee.at\/images\/news2020\/ergebnis_melges24a.jpg\" rel=\"noopener noreferrer\" target=\"_blank\"><img src=\"http:\/\/www.melges24.at\/wp-content\/uploads\/2020\/11\/ergebnis.jpg\" alt=\"\" width=\"24\" height=\"24\" class=\"alignnone size-full wp-image-129\" \/>Melges 24<\/a><br \/>\n<\/td>\n<\/tr>\n<tr class=\"row-3 odd\">\n\t<td class=\"column-1\">28.08. - 30.08.2020<\/td><td class=\"column-2\"><a href=\"http:\/\/sck.at\/\" rel=\"noopener noreferrer\" target=\"_blank\">SCK<\/a><\/td><td class=\"column-3\">European Sailing Series<\/td><td class=\"column-4\"><a href=\"http:\/\/sck.at\/wp-content\/uploads\/2020\/08\/Ergebnis-1.-6.-WF-1.html\" rel=\"noopener noreferrer\" target=\"_blank\"><img src=\"http:\/\/www.melges24.at\/wp-content\/uploads\/2020\/11\/ergebnis.jpg\" alt=\"\" width=\"24\" height=\"24\" class=\"alignnone size-full wp-image-129\" \/><\/a><\/td>\n<\/tr>\n<\/tbody>\n<\/table>\n<!-- #tablepress-1 from cache -->\n\n\n\n<p><\/p>\n\n\n\n<p><strong>Die&nbsp;wichtigsten Regatta<\/strong><strong>&nbsp;Termine f\u00fcr 2020:<\/strong><\/p>\n\n\n\n<p>Zur Zeit werden viele Termine wegen der weltweiten Corona COVID-19 Situation verschoben. Die aktuellen Termine findet ihr unter&nbsp;<a href=\"http:\/\/www.melges24.com\/\">www.melges24.com<\/a>&nbsp;.<\/p>\n\n\n\n<table id=\"tablepress-2\" class=\"tablepress tablepress-id-2\">\n<thead>\n<tr class=\"row-1 odd\">\n\t<th class=\"column-1\">Datum<\/th><th class=\"column-2\">Club<\/th><th class=\"column-3\">Eventbezeichnung<\/th>\n<\/tr>\n<\/thead>\n<tbody class=\"row-hover\">\n<tr class=\"row-2 even\">\n\t<td class=\"column-1\">17.07.-19.07.2020<\/td><td class=\"column-2\">Torbole, Italy  Circolo Vela Torbole<\/td><td class=\"column-3\"><\/td>\n<\/tr>\n<tr class=\"row-3 odd\">\n\t<td class=\"column-1\">28.08.-30.08.2020 <\/td><td class=\"column-2\">Attersee, Austria Segelclub Kammersee - NEUER TERMIN<\/td><td class=\"column-3\"><\/td>\n<\/tr>\n<tr class=\"row-4 even\">\n\t<td class=\"column-1\">05.09.-12.09.2020<\/td><td class=\"column-2\">Portoroz, SLO => verschoben auf 09\/2021<\/td><td class=\"column-3\">EM<\/td>\n<\/tr>\n<tr class=\"row-5 odd\">\n\t<td class=\"column-1\">02.10.-04.10.2020<\/td><td class=\"column-2\">Trieste, Italy<\/td><td class=\"column-3\"><\/td>\n<\/tr>\n<\/tbody>\n<\/table>\n<!-- #tablepress-2 from cache -->\n\n\n\n\n\n<div class=\"ngg-galleryoverview ngg-slideshow\"\n\t id=\"ngg-slideshow-0c17dd19825e7e9f3dbcdcc52d5e4dd6-15998875960\"\n     data-gallery-id=\"0c17dd19825e7e9f3dbcdcc52d5e4dd6\"\n     style=\"max-width: 750px; max-height: 500px;\">\n\n \t<div id=\"ngg-image-0\" class=\"ngg-gallery-slideshow-image\" style=\"height:500px\">\n\n        <a href=\"https:\/\/www.melges24.at\/wp-content\/gallery\/test\/WhatsApp-Image-2020-11-15-at-18.22.50-6.jpeg\"\n           title=\"\"\n           data-src=\"https:\/\/www.melges24.at\/wp-content\/gallery\/test\/WhatsApp-Image-2020-11-15-at-18.22.50-6.jpeg\"\n           data-thumbnail=\"https:\/\/www.melges24.at\/wp-content\/gallery\/test\/thumbs\/thumbs_WhatsApp-Image-2020-11-15-at-18.22.50-6.jpeg\"\n           data-image-id=\"1\"\n           data-title=\"WhatsApp-Image-2020-11-15-at-18.22.50-6\"\n           data-description=\"\"\n           class=\"ngg-simplelightbox\" rel=\"0c17dd19825e7e9f3dbcdcc52d5e4dd6\">\n\n            <img data-image-id='1'\n                 title=\"\"\n                 alt=\"WhatsApp-Image-2020-11-15-at-18.22.50-6\"\n                 src=\"https:\/\/www.melges24.at\/wp-content\/gallery\/test\/WhatsApp-Image-2020-11-15-at-18.22.50-6.jpeg\"\n                 style=\"max-height: 480px;\"\/>\n        <\/a>\n\n        <\/div> \n<div id=\"ngg-image-1\" class=\"ngg-gallery-slideshow-image\" style=\"height:500px\">\n\n        <a href=\"https:\/\/www.melges24.at\/wp-content\/gallery\/test\/WhatsApp-Image-2020-11-15-at-18.22.50-1.jpeg\"\n           title=\"\"\n           data-src=\"https:\/\/www.melges24.at\/wp-content\/gallery\/test\/WhatsApp-Image-2020-11-15-at-18.22.50-1.jpeg\"\n           data-thumbnail=\"https:\/\/www.melges24.at\/wp-content\/gallery\/test\/thumbs\/thumbs_WhatsApp-Image-2020-11-15-at-18.22.50-1.jpeg\"\n           data-image-id=\"2\"\n           data-title=\"WhatsApp-Image-2020-11-15-at-18.22.50-1\"\n           data-description=\"\"\n           class=\"ngg-simplelightbox\" rel=\"0c17dd19825e7e9f3dbcdcc52d5e4dd6\">\n\n            <img data-image-id='2'\n                 title=\"\"\n                 alt=\"WhatsApp-Image-2020-11-15-at-18.22.50-1\"\n                 src=\"https:\/\/www.melges24.at\/wp-content\/gallery\/test\/WhatsApp-Image-2020-11-15-at-18.22.50-1.jpeg\"\n                 style=\"max-height: 480px;\"\/>\n        <\/a>\n\n        <\/div> \n<div id=\"ngg-image-2\" class=\"ngg-gallery-slideshow-image\" style=\"height:500px\">\n\n        <a href=\"https:\/\/www.melges24.at\/wp-content\/gallery\/test\/WhatsApp-Image-2020-11-15-at-18.22.50-2.jpeg\"\n           title=\"\"\n           data-src=\"https:\/\/www.melges24.at\/wp-content\/gallery\/test\/WhatsApp-Image-2020-11-15-at-18.22.50-2.jpeg\"\n           data-thumbnail=\"https:\/\/www.melges24.at\/wp-content\/gallery\/test\/thumbs\/thumbs_WhatsApp-Image-2020-11-15-at-18.22.50-2.jpeg\"\n           data-image-id=\"3\"\n           data-title=\"WhatsApp-Image-2020-11-15-at-18.22.50-2\"\n           data-description=\"\"\n           class=\"ngg-simplelightbox\" rel=\"0c17dd19825e7e9f3dbcdcc52d5e4dd6\">\n\n            <img data-image-id='3'\n                 title=\"\"\n                 alt=\"WhatsApp-Image-2020-11-15-at-18.22.50-2\"\n                 src=\"https:\/\/www.melges24.at\/wp-content\/gallery\/test\/WhatsApp-Image-2020-11-15-at-18.22.50-2.jpeg\"\n                 style=\"max-height: 480px;\"\/>\n        <\/a>\n\n        <\/div> \n<div id=\"ngg-image-3\" class=\"ngg-gallery-slideshow-image\" style=\"height:500px\">\n\n        <a href=\"https:\/\/www.melges24.at\/wp-content\/gallery\/test\/WhatsApp-Image-2020-11-15-at-18.22.50-3.jpeg\"\n           title=\"\"\n           data-src=\"https:\/\/www.melges24.at\/wp-content\/gallery\/test\/WhatsApp-Image-2020-11-15-at-18.22.50-3.jpeg\"\n           data-thumbnail=\"https:\/\/www.melges24.at\/wp-content\/gallery\/test\/thumbs\/thumbs_WhatsApp-Image-2020-11-15-at-18.22.50-3.jpeg\"\n           data-image-id=\"4\"\n           data-title=\"WhatsApp-Image-2020-11-15-at-18.22.50-3\"\n           data-description=\"\"\n           class=\"ngg-simplelightbox\" rel=\"0c17dd19825e7e9f3dbcdcc52d5e4dd6\">\n\n            <img data-image-id='4'\n                 title=\"\"\n                 alt=\"WhatsApp-Image-2020-11-15-at-18.22.50-3\"\n                 src=\"https:\/\/www.melges24.at\/wp-content\/gallery\/test\/WhatsApp-Image-2020-11-15-at-18.22.50-3.jpeg\"\n                 style=\"max-height: 480px;\"\/>\n        <\/a>\n\n        <\/div> \n<div id=\"ngg-image-4\" class=\"ngg-gallery-slideshow-image\" style=\"height:500px\">\n\n        <a href=\"https:\/\/www.melges24.at\/wp-content\/gallery\/test\/WhatsApp-Image-2020-11-15-at-18.22.50-4.jpeg\"\n           title=\"\"\n           data-src=\"https:\/\/www.melges24.at\/wp-content\/gallery\/test\/WhatsApp-Image-2020-11-15-at-18.22.50-4.jpeg\"\n           data-thumbnail=\"https:\/\/www.melges24.at\/wp-content\/gallery\/test\/thumbs\/thumbs_WhatsApp-Image-2020-11-15-at-18.22.50-4.jpeg\"\n           data-image-id=\"5\"\n           data-title=\"WhatsApp-Image-2020-11-15-at-18.22.50-4\"\n           data-description=\"\"\n           class=\"ngg-simplelightbox\" rel=\"0c17dd19825e7e9f3dbcdcc52d5e4dd6\">\n\n            <img data-image-id='5'\n                 title=\"\"\n                 alt=\"WhatsApp-Image-2020-11-15-at-18.22.50-4\"\n                 src=\"https:\/\/www.melges24.at\/wp-content\/gallery\/test\/WhatsApp-Image-2020-11-15-at-18.22.50-4.jpeg\"\n                 style=\"max-height: 480px;\"\/>\n        <\/a>\n\n        <\/div> \n<div id=\"ngg-image-5\" class=\"ngg-gallery-slideshow-image\" style=\"height:500px\">\n\n        <a href=\"https:\/\/www.melges24.at\/wp-content\/gallery\/test\/WhatsApp-Image-2020-11-15-at-18.22.50-5.jpeg\"\n           title=\"\"\n           data-src=\"https:\/\/www.melges24.at\/wp-content\/gallery\/test\/WhatsApp-Image-2020-11-15-at-18.22.50-5.jpeg\"\n           data-thumbnail=\"https:\/\/www.melges24.at\/wp-content\/gallery\/test\/thumbs\/thumbs_WhatsApp-Image-2020-11-15-at-18.22.50-5.jpeg\"\n           data-image-id=\"6\"\n           data-title=\"WhatsApp-Image-2020-11-15-at-18.22.50-5\"\n           data-description=\"\"\n           class=\"ngg-simplelightbox\" rel=\"0c17dd19825e7e9f3dbcdcc52d5e4dd6\">\n\n            <img data-image-id='6'\n                 title=\"\"\n                 alt=\"WhatsApp-Image-2020-11-15-at-18.22.50-5\"\n                 src=\"https:\/\/www.melges24.at\/wp-content\/gallery\/test\/WhatsApp-Image-2020-11-15-at-18.22.50-5.jpeg\"\n                 style=\"max-height: 480px;\"\/>\n        <\/a>\n\n        <\/div> \n<\/div>\n\n\n\n\n","protected":false},"excerpt":{"rendered":"<p>Die \u00f6sterreichischen Regatta Termine 2021: Die \u00f6sterreichischen Regatta Termine 2020: Die&nbsp;wichtigsten Regatta&nbsp;Termine f\u00fcr 2020: Zur Zeit werden viele Termine wegen der weltweiten Corona COVID-19 Situation verschoben. Die aktuellen Termine findet ihr unter&nbsp;www.melges24.com&nbsp;.<\/p>\n","protected":false},"author":1,"featured_media":0,"parent":0,"menu_order":0,"comment_status":"closed","ping_status":"closed","template":"page-templates\/template-page-sidebar.php","meta":{"ngg_post_thumbnail":0},"_links":{"self":[{"href":"https:\/\/www.melges24.at\/index.php\/wp-json\/wp\/v2\/pages\/135"}],"collection":[{"href":"https:\/\/www.melges24.at\/index.php\/wp-json\/wp\/v2\/pages"}],"about":[{"href":"https:\/\/www.melges24.at\/index.php\/wp-json\/wp\/v2\/types\/page"}],"author":[{"embeddable":true,"href":"https:\/\/www.melges24.at\/index.php\/wp-json\/wp\/v2\/users\/1"}],"replies":[{"embeddable":true,"href":"https:\/\/www.melges24.at\/index.php\/wp-json\/wp\/v2\/comments?post=135"}],"version-history":[{"count":3,"href":"https:\/\/www.melges24.at\/index.php\/wp-json\/wp\/v2\/pages\/135\/revisions"}],"predecessor-version":[{"id":366,"href":"https:\/\/www.melges24.at\/index.php\/wp-json\/wp\/v2\/pages\/135\/revisions\/366"}],"wp:attachment":[{"href":"https:\/\/www.melges24.at\/index.php\/wp-json\/wp\/v2\/media?parent=135"}],"curies":[{"name":"wp","href":"https:\/\/api.w.org\/{rel}","templated":true}]}}